{"id":1296,"date":"2024-09-18T15:28:04","date_gmt":"2024-09-18T13:28:04","guid":{"rendered":"http:\/\/209.95.59.218\/~bsh\/regjistribashkiafushearrez\/?page_id=1296"},"modified":"2026-03-27T12:14:47","modified_gmt":"2026-03-27T11:14:47","slug":"rendi-i-dites","status":"publish","type":"page","link":"http:\/\/209.95.59.218\/~bsh\/regjistribashkiafushearrez\/?page_id=1296","title":{"rendered":"Rendi i dit\u00ebs"},"content":{"rendered":"\r\n<p>2026<\/p>\r\n<p><a href=\"http:\/\/209.95.59.218\/~bsh\/regjistribashkiafushearrez\/wp-content\/uploads\/2026\/03\/Rendi-i-dites-MKB-Fushe-Arrez-0326.pdf\">Rendi i dit\u00ebs p\u00ebr mbledhjen e K\u00ebshillit Bashkiak Fush\u00eb Arr\u00ebz Mars 2026\u00a0<\/a><\/p>\r\n<p><a href=\"http:\/\/209.95.59.218\/~bsh\/regjistribashkiafushearrez\/wp-content\/uploads\/2026\/02\/Rendi-i-dites-MKB-Fushe-Arrez-0226.pdf\">Rendi i dit\u00ebs p\u00ebr mbledhjen e K\u00ebshillit Bashkiak Fush\u00eb Arr\u00ebz Shkurt 2026<\/a><\/p>\r\n<p><a href=\"http:\/\/209.95.59.218\/~bsh\/regjistribashkiafushearrez\/wp-content\/uploads\/2026\/02\/Rendi-i-dites-MKB-Fushe-Arrez-0126.pdf\">Rendi i dit\u00ebs p\u00ebr mbledhjen e K\u00ebshillit Bashkiak Fush\u00eb Arr\u00ebz Janar 2026<\/a><\/p>\r\n<p>&nbsp;<\/p>\r\n<p>2025<\/p>\r\n<p>R<a href=\"http:\/\/209.95.59.218\/~bsh\/regjistribashkiafushearrez\/wp-content\/uploads\/2025\/12\/Njoftimi-per-mbledhje-te-KB-Dhjetor-2025.pdf\">endi i dit\u00ebs p\u00ebr mbledhjen e K\u00ebshillit Bashkiak Fush\u00eb Arr\u00ebz Dhjetor 2025<\/a><\/p>\r\n<p><a href=\"http:\/\/209.95.59.218\/~bsh\/regjistribashkiafushearrez\/wp-content\/uploads\/2025\/12\/Rendi-i-dites-MKB-Fushe-Arrez-1125.pdf\">Rendi i dit\u00ebs p\u00ebr mbledhjen e K\u00ebshillit Bashkiak Fush\u00eb Arr\u00ebz N\u00ebntor 2025<\/a><\/p>\r\n<p><a href=\"http:\/\/209.95.59.218\/~bsh\/regjistribashkiafushearrez\/wp-content\/uploads\/2025\/10\/Rendi-i-dites-MKB-Fushe-Arrez-1025.pdf\">Rendi i dit\u00ebs p\u00ebr mbledhjen e K\u00ebshillit Bashkiak Fush\u00eb Arr\u00ebz Tetor 2 2025<\/a><\/p>\r\n<p><a href=\"http:\/\/209.95.59.218\/~bsh\/regjistribashkiafushearrez\/wp-content\/uploads\/2025\/10\/Njoftim-Pe\u0308r-Mbledhje-Jashte\u0308-Radhe-Te\u0308-KB-Date\u0308-09.10.2025.pdf\">Rendi i dit\u00ebs p\u00ebr mbledhjen e K\u00ebshillit Bashkiak Fush\u00eb Arr\u00ebz Tetor 2025<\/a><\/p>\r\n<p><a href=\"http:\/\/209.95.59.218\/~bsh\/regjistribashkiafushearrez\/wp-content\/uploads\/2025\/09\/Njoftim-Pe\u0308r-Mbledhje-Te\u0308-KB-Shtator-2025.pdf\">Rendi i dit\u00ebs p\u00ebr mbledhjen e K\u00ebshillit Bashkiak Fush\u00eb Arr\u00ebz Shtator 2025<\/a><\/p>\r\n<p><a href=\"http:\/\/209.95.59.218\/~bsh\/regjistribashkiafushearrez\/wp-content\/uploads\/2025\/08\/Rendi-i-dites-MKB-0825-Fushe-Arrez.pdf\">Rendi i dit\u00ebs p\u00ebr mbledhjen e K\u00ebshillit Bashkiak Fush\u00eb Arr\u00ebz Gusht 2025<\/a><\/p>\r\n<p><a href=\"http:\/\/209.95.59.218\/~bsh\/regjistribashkiafushearrez\/wp-content\/uploads\/2025\/07\/Rendi-i-dites-MKB-Fushe-Arrez-0725.pdf\">Rendi i dit\u00ebs p\u00ebr mbledhjen e K\u00ebshillit Bashkiak Fush\u00eb Arr\u00ebz Korrik 2025<\/a><\/p>\r\n<p><a href=\"http:\/\/209.95.59.218\/~bsh\/regjistribashkiafushearrez\/wp-content\/uploads\/2025\/06\/Rendi-i-dites-MKB-Fushe-Arrez-0625.pdf\">Rendi i dit\u00ebs p\u00ebr mbledhjen e K\u00ebshillit Bashkiak Fush\u00eb Arr\u00ebz Qershor 2 2025<\/a><\/p>\r\n<p><a href=\"https:\/\/www.facebook.com\/photo?fbid=1150684527070959&amp;set=a.237932861679468\">Rendi i dit\u00ebs p\u00ebr mbledhjen e K\u00ebshillit Bashkiak Fush\u00eb Arr\u00ebz Qershor 2025<\/a><\/p>\r\n<p><a href=\"http:\/\/209.95.59.218\/~bsh\/regjistribashkiafushearrez\/wp-content\/uploads\/2025\/05\/Njoftim-per-mbledhje-te-Keshillit-Bashkiak-Fushe-Arrez-Maj-2025_compressed.pdf\">Rendi i dit\u00ebs p\u00ebr mbledhjen e K\u00ebshillit Bashkiak Fush\u00eb Arr\u00ebz Maj 2025<\/a><\/p>\r\n<p><a href=\"http:\/\/209.95.59.218\/~bsh\/regjistribashkiafushearrez\/wp-content\/uploads\/2025\/04\/Rend-dite-0425-FA_compressed.pdf\">Rendi i dit\u00ebs p\u00ebr mbledhjen K\u00ebshillit Bashkiak Fush\u00eb Arr\u00ebz Prill 2025<\/a><\/p>\r\n<p>\r\n\r\n<\/p>\r\n<p><a href=\"http:\/\/209.95.59.218\/~bsh\/regjistribashkiafushearrez\/wp-content\/uploads\/2025\/03\/Rendi-i-dites-MKB-0325.pdf\">Rendi i dit\u00ebs p\u00ebr mbledhjen K\u00ebshillit Bashkiak Fush\u00eb Arr\u00ebz Mars 2025<\/a><\/p>\r\n<p><a href=\"http:\/\/209.95.59.218\/~bsh\/regjistribashkiafushearrez\/wp-content\/uploads\/2025\/02\/Rendi-i-dites-MKB-Fushe-Arrez-0225.pdf\">Rendi i dit\u00ebs p\u00ebr mbledhjen K\u00ebshillit Bashkiak Fush\u00eb Arr\u00ebz Shkurt 2025<\/a><\/p>\r\n<p><a href=\"http:\/\/209.95.59.218\/~bsh\/regjistribashkiafushearrez\/wp-content\/uploads\/2025\/01\/Rendi-i-dites-MKB-Fushe-Arrez-0125.pdf\" target=\"_blank\" rel=\"noreferrer noopener\" data-type=\"URL\" data-id=\"http:\/\/209.95.59.218\/~bsh\/regjistribashkiafushearrez\/wp-content\/uploads\/2025\/01\/Rendi-i-dites-MKB-Fushe-Arrez-0125.pdf\">Rendi i dit\u00ebs p\u00ebr mbledhjen K\u00ebshillit Bashkiak Fush\u00eb Arr\u00ebz Janar 2025<\/a><\/p>\r\n<p>\r\n\r\n<\/p>\r\n<p>2024<\/p>\r\n<p>\r\n\r\n<\/p>\r\n<p><a href=\"http:\/\/209.95.59.218\/~bsh\/regjistribashkiafushearrez\/wp-content\/uploads\/2024\/09\/Njoftim-Mbledhje-Keshili-date-30.01.2024_opt-Fushe-Arrez.pdf\" target=\"_blank\" rel=\"noreferrer noopener\">Rendi i dit\u00ebs p\u00ebr mbledhjen K\u00ebshillit Bashkiak Fush\u00eb Arr\u00ebz Janar 2024<\/a><\/p>\r\n<p>\r\n\r\n<\/p>\r\n<p><a href=\"http:\/\/209.95.59.218\/~bsh\/regjistribashkiafushearrez\/wp-content\/uploads\/2024\/09\/Rendi-i-dites-MKB-Fushe-Arrez-290224.pdf\">Rendi i dit\u00ebs p\u00ebr mbledhjen e <\/a><a href=\"http:\/\/209.95.59.218\/~bsh\/regjistribashkiafushearrez\/wp-content\/uploads\/2024\/09\/Njoftim-Mbledhje-Keshili-date-30.01.2024_opt-Fushe-Arrez.pdf\">K\u00ebshillit Bashkiak Fush\u00eb Arr\u00ebz<\/a> <a href=\"http:\/\/209.95.59.218\/~bsh\/regjistribashkiafushearrez\/wp-content\/uploads\/2024\/09\/Rendi-i-dites-MKB-Fushe-Arrez-290224.pdf\" target=\"_blank\" rel=\"noreferrer noopener\">Shkurt 2024<\/a><\/p>\r\n<p>\r\n\r\n<\/p>\r\n<p><a href=\"http:\/\/209.95.59.218\/~bsh\/regjistribashkiafushearrez\/wp-content\/uploads\/2024\/09\/Njoftim-MKB-FA-Mars-2024.pdf\" target=\"_blank\" rel=\"noreferrer noopener\">Rendi i dit\u00ebs p\u00ebr mbledhjen e K\u00ebshillit Bashkiak Fush\u00eb Arr\u00ebz Mars 2024<\/a><\/p>\r\n<p>\r\n\r\n<\/p>\r\n<p><a href=\"http:\/\/209.95.59.218\/~bsh\/regjistribashkiafushearrez\/wp-content\/uploads\/2024\/09\/Njoftim-MKB-FA-Prill-2024.pdf\" target=\"_blank\" rel=\"noreferrer noopener\">Rendi i dit\u00ebs p\u00ebr mbledhjen e K\u00ebshillit Bashkiak Fush\u00eb Arr\u00ebz Prill 2024<\/a><\/p>\r\n<p>\r\n\r\n<\/p>\r\n<p><a href=\"http:\/\/209.95.59.218\/~bsh\/regjistribashkiafushearrez\/wp-content\/uploads\/2024\/09\/Njoftim-MKB-FA-Maj-2024.pdf\" target=\"_blank\" rel=\"noreferrer noopener\">Rendi i dit\u00ebs p\u00ebr mbledhjen e K\u00ebshillit Bashkiak Fush\u00eb Arr\u00ebz Maj 2024<\/a><\/p>\r\n<p>\r\n\r\n<\/p>\r\n<p><a href=\"http:\/\/209.95.59.218\/~bsh\/regjistribashkiafushearrez\/wp-content\/uploads\/2024\/09\/Njoftim-MKB-FA-Qershor-2024.pdf\" target=\"_blank\" rel=\"noreferrer noopener\">Rendi i dit\u00ebs p\u00ebr mbledhjen e K\u00ebshillit Bashkiak Fush\u00eb Arr\u00ebz Qershor 2024<\/a><\/p>\r\n<p>\r\n\r\n<\/p>\r\n<p><a href=\"http:\/\/209.95.59.218\/~bsh\/regjistribashkiafushearrez\/wp-content\/uploads\/2024\/09\/Njoftim-MKB-FA-Korrik-2024.pdf\" target=\"_blank\" rel=\"noreferrer noopener\" data-type=\"URL\" data-id=\"http:\/\/209.95.59.218\/~bsh\/regjistribashkiafushearrez\/wp-content\/uploads\/2024\/09\/Njoftim-MKB-FA-Korrik-2024.pdf\">Rendi i dit\u00ebs p\u00ebr mbledhjen e K\u00ebshillit Bashkiak Fush\u00eb Arr\u00ebz Korrik 2024<\/a><\/p>\r\n<p>\r\n\r\n<\/p>\r\n<p><a href=\"http:\/\/209.95.59.218\/~bsh\/regjistribashkiafushearrez\/wp-content\/uploads\/2024\/09\/Rendi-i-dites-MKB-Fushe-Arrez-2808224.pdf\" target=\"_blank\" rel=\"noreferrer noopener\" data-type=\"URL\" data-id=\"http:\/\/209.95.59.218\/~bsh\/regjistribashkiafushearrez\/wp-content\/uploads\/2024\/09\/Rendi-i-dites-MKB-Fushe-Arrez-2808224.pdf\">Rendi i dit\u00ebs p\u00ebr mbledhjen e K\u00ebshillit Bashkiak Fush\u00eb Arr\u00ebz Gusht 2024<\/a><\/p>\r\n<p>\r\n\r\n<\/p>\r\n<p><a href=\"http:\/\/209.95.59.218\/~bsh\/regjistribashkiafushearrez\/wp-content\/uploads\/2024\/10\/Rendi-i-dites-MKB-Fushe-Arrez-0924.pdf\" target=\"_blank\" rel=\"noreferrer noopener\" data-type=\"URL\" data-id=\"http:\/\/209.95.59.218\/~bsh\/regjistribashkiafushearrez\/wp-content\/uploads\/2024\/10\/Rendi-i-dites-MKB-Fushe-Arrez-0924.pdf\">Rendi i dit\u00ebs p\u00ebr mbledhjen eK\u00ebshillit Bashkiak Fush\u00eb Arr\u00ebz Shtator2024<\/a><\/p>\r\n<p>\r\n\r\n<\/p>\r\n<p><a href=\"http:\/\/209.95.59.218\/~bsh\/regjistribashkiafushearrez\/wp-content\/uploads\/2024\/10\/Rendi-i-dites-MKB-Fushe-Arrez-1024.pdf\" target=\"_blank\" rel=\"noreferrer noopener\" data-type=\"URL\" data-id=\"http:\/\/209.95.59.218\/~bsh\/regjistribashkiafushearrez\/wp-content\/uploads\/2024\/10\/Rendi-i-dites-MKB-Fushe-Arrez-1024.pdf\">Rendi i dit\u00ebs p\u00ebr mbledhjen e K\u00ebshillit Bashkiak Fush\u00eb Arr\u00ebz Tetor 2024<\/a><\/p>\r\n<p>\r\n\r\n<\/p>\r\n<p><a href=\"http:\/\/209.95.59.218\/~bsh\/regjistribashkiafushearrez\/wp-content\/uploads\/2024\/11\/Rendi-i-dites-MKB-Fushe-Arrez-1124.pdf\" data-type=\"URL\" data-id=\"http:\/\/209.95.59.218\/~bsh\/regjistribashkiafushearrez\/wp-content\/uploads\/2024\/11\/Rendi-i-dites-MKB-Fushe-Arrez-1124.pdf\">Rendi i dit\u00ebs p\u00ebr mbledhjen e K\u00ebshillit Bashkiak Fush\u00eb Arr\u00ebz N\u00ebntor 2024<\/a><\/p>\r\n<p>\r\n\r\n<\/p>\r\n<p><a href=\"http:\/\/209.95.59.218\/~bsh\/regjistribashkiafushearrez\/wp-content\/uploads\/2024\/12\/Rendi-i-dites-MKB-Fushe-Arrez-1224.pdf\" data-type=\"URL\" data-id=\"http:\/\/209.95.59.218\/~bsh\/regjistribashkiafushearrez\/wp-content\/uploads\/2024\/12\/Rendi-i-dites-MKB-Fushe-Arrez-1224.pdf\">Rendi i dit\u00ebs p\u00ebr mbledhjen e K\u00ebshillit Bashkiak Fush\u00eb Arr\u00ebz Dhjetor 2024<\/a><\/p>\r\n<p>\r\n\r\n<\/p>\r\n<p>&nbsp;<\/p>\r\n<p><\/p>\r\n<p>&nbsp;<\/p>\r\n<p>&nbsp;<\/p>\r\n<p>&nbsp;<\/p>\r\n<p>&nbsp;<\/p>\r\n<p>&nbsp;<\/p>\r\n<p>&nbsp;<\/p>\r\n<p>&nbsp;<\/p>\r\n<p>&nbsp;<\/p>\r\n<p>&nbsp;<\/p>","protected":false},"excerpt":{"rendered":"<p>2026 Rendi i dit\u00ebs p\u00ebr mbledhjen e K\u00ebshillit Bashkiak Fush\u00eb Arr\u00ebz Mars 2026\u00a0 Rendi i dit\u00ebs p\u00ebr mbledhjen e K\u00ebshillit Bashkiak Fush\u00eb Arr\u00ebz Shkurt 2026 Rendi i dit\u00ebs p\u00ebr mbledhjen e K\u00ebshillit Bashkiak Fush\u00eb Arr\u00ebz Janar 2026 &nbsp; 2025 Rendi i dit\u00ebs p\u00ebr mbledhjen e K\u00ebshillit Bashkiak Fush\u00eb Arr\u00ebz Dhjetor 2025 Rendi i dit\u00ebs p\u00ebr [&hellip;]<\/p>\n","protected":false},"author":1,"featured_media":0,"parent":0,"menu_order":0,"comment_status":"closed","ping_status":"closed","template":"","meta":[],"_links":{"self":[{"href":"http:\/\/209.95.59.218\/~bsh\/regjistribashkiafushearrez\/index.php?rest_route=\/wp\/v2\/pages\/1296"}],"collection":[{"href":"http:\/\/209.95.59.218\/~bsh\/regjistribashkiafushearrez\/index.php?rest_route=\/wp\/v2\/pages"}],"about":[{"href":"http:\/\/209.95.59.218\/~bsh\/regjistribashkiafushearrez\/index.php?rest_route=\/wp\/v2\/types\/page"}],"author":[{"embeddable":true,"href":"http:\/\/209.95.59.218\/~bsh\/regjistribashkiafushearrez\/index.php?rest_route=\/wp\/v2\/users\/1"}],"replies":[{"embeddable":true,"href":"http:\/\/209.95.59.218\/~bsh\/regjistribashkiafushearrez\/index.php?rest_route=%2Fwp%2Fv2%2Fcomments&post=1296"}],"version-history":[{"count":41,"href":"http:\/\/209.95.59.218\/~bsh\/regjistribashkiafushearrez\/index.php?rest_route=\/wp\/v2\/pages\/1296\/revisions"}],"predecessor-version":[{"id":2710,"href":"http:\/\/209.95.59.218\/~bsh\/regjistribashkiafushearrez\/index.php?rest_route=\/wp\/v2\/pages\/1296\/revisions\/2710"}],"wp:attachment":[{"href":"http:\/\/209.95.59.218\/~bsh\/regjistribashkiafushearrez\/index.php?rest_route=%2Fwp%2Fv2%2Fmedia&parent=1296"}],"curies":[{"name":"wp","href":"https:\/\/api.w.org\/{rel}","templated":true}]}}